{"id":2,"date":"2020-02-24T11:10:51","date_gmt":"2020-02-24T10:10:51","guid":{"rendered":"http:\/\/dennys-glas.test\/?page_id=2"},"modified":"2021-02-13T17:07:19","modified_gmt":"2021-02-13T16:07:19","slug":"exempelsida","status":"publish","type":"page","link":"https:\/\/glasent.se\/","title":{"rendered":"Startsida"},"content":{"rendered":"\n<section class=\"image-carousel-wrapper\">\n\t<div class=\"container-fluid\">\n\t\t<div class=\"row d-flex flex-md-row flex-column-reverse\">\n\t\t\t\t\t\t\t<div class=\"col-md-5 d-flex\">\n\t\t\t\t\t<div class=\"text-wrapper\">\n\t\t\t\t\t\t<h1>V\u00e4lkommen till Elfstr\u00f6m Glasentreprenader AB<\/h1>\n\t\t\t\t\t\t<p>Vi har varit verksamma i glasbranschen i mer \u00e4n 40\u00e5r. Samtliga arbeten vi utf\u00f6r ges med av branschen fastslagna garantier. V\u00e4ljer ni oss f\u00e5r ni alltid ett v\u00e4l utf\u00f6rt arbete. En n\u00f6jd kund \u00e4r v\u00e5r b\u00e4sta reklam!<\/p>\n\t\t\t\t\t<\/div>\n\t\t\t\t<\/div>\n\t\t\t\t<div class=\"col-md-7\">\n\t\t\t\t\t\t\t<div class=\"main-carousel\" data-flickity='{ \"pageDots\":false, \"wrapAround\": true, \"autoPlay\":true }'>\n\t\t\t\t\t\t\t\t\t\n\n\t\t\t\t\t\t<div class=\"carousel-cell  \">\n\t\t\t\t\t\t\t<div class=\"slider-image\" style=\"background-image:url(https:\/\/glasent.se\/wp-content\/uploads\/2020\/11\/20190326_153129_edited-scaled.jpg);\" >\n\t\t\t\t\t\t\t\t\t\t\t\t\t\t\t\t<div class=\"slider-image-text-wrapper\">\n\t\t\t\t\t\t\t\t\t<div class=\"text-content\">\n\t\t\t\t\t\t\t\t\t\t<h2>Vi g\u00f6r bland annat s\u00e5nt h\u00e4r!<\/h2>\n\t\t\t\t\t\t\t\t\t\t<p><\/p>\n\t\t\t\t\t\t\t\t\t<\/div>\n\t\t\t\t\t\t\t\t<\/div>\n\t\t\t\t\t\t\t\t\t\t\t\t\t\t\t<\/div>\n\t\t\t\t\t\t<\/div> \n\n\t\t\t\t\t\t\t\t\t\n\t\t\t\t<\/div>\n\t\t\t<\/div>\n\t\t<\/div>\n\t<\/div>\n<\/section>\n\n\t","protected":false},"excerpt":{"rendered":"","protected":false},"author":1,"featured_media":0,"parent":0,"menu_order":0,"comment_status":"closed","ping_status":"open","template":"","meta":{"footnotes":""},"class_list":["post-2","page","type-page","status-publish","hentry"],"_links":{"self":[{"href":"https:\/\/glasent.se\/index.php?rest_route=\/wp\/v2\/pages\/2","targetHints":{"allow":["GET"]}}],"collection":[{"href":"https:\/\/glasent.se\/index.php?rest_route=\/wp\/v2\/pages"}],"about":[{"href":"https:\/\/glasent.se\/index.php?rest_route=\/wp\/v2\/types\/page"}],"author":[{"embeddable":true,"href":"https:\/\/glasent.se\/index.php?rest_route=\/wp\/v2\/users\/1"}],"replies":[{"embeddable":true,"href":"https:\/\/glasent.se\/index.php?rest_route=%2Fwp%2Fv2%2Fcomments&post=2"}],"version-history":[{"count":22,"href":"https:\/\/glasent.se\/index.php?rest_route=\/wp\/v2\/pages\/2\/revisions"}],"predecessor-version":[{"id":209,"href":"https:\/\/glasent.se\/index.php?rest_route=\/wp\/v2\/pages\/2\/revisions\/209"}],"wp:attachment":[{"href":"https:\/\/glasent.se\/index.php?rest_route=%2Fwp%2Fv2%2Fmedia&parent=2"}],"curies":[{"name":"wp","href":"https:\/\/api.w.org\/{rel}","templated":true}]}}